est common divisor of n and 119?
119
Let f be 2 - 192/(-112)*14/(-4). Let b be (-2 + 1)*(f - -3). What is the greatest common divisor of 2 and b?
1
Let j be -4 + -4 + 5 + 63. Suppose 2*u - j = -4*u. Suppose -6*n + u*n - 16 = 0. What is the greatest common divisor of 20 and n?
4
Suppose 8 = -3*a + 5. Let t = -4 - -13. Let g be (-6)/(-4)*(a + 1257/t). Calculate the highest common factor of 26 and g.
26
Let j be (((-768)/(-16))/12)/2. What is the greatest common factor of 1152 and j?
2
Let x(h) = 2*h**3 - 10*h**2 - 5*h + 63. Let c be x(7). Let i = -133 + c. Calculate the greatest common factor of 26 and i.
13
Suppose 11*s + 750 = -515. Let k = 67 + s. Let j be ((-5)/10)/(1/k). What is the highest common divisor of j and 12?
12
Let k be ((-1)/(-40)*6166 + (-2)/5)*4. Calculate the highest common divisor of 120 and k.
15
Let a be (-4)/(4/7) - (52 - -5)/(-1). Calculate the highest common factor of a and 5425.
25
Let p be (-1054)/2635 - 2*(-4042)/10. What is the highest common factor of 505 and p?
101
Suppose 0*l + 139 = 9*l - 77. Let d = 89 + -25. What is the greatest common factor of d and l?
8
Suppose 0 = 163*p - 165*p + 60. Suppose 4*l = 403 - 43. What is the highest common factor of p and l?
30
Let g be (-621)/(-297) - 2/22. Suppose -b - b - 73 = -5*t, g*b = -2*t + 18. What is the greatest common divisor of t and 208?
13
Let h be (-82)/533 + 16644/26. Calculate the highest common factor of 192 and h.
64
Suppose -3*a - m + 3*m + 231 = 0, 0 = a + m - 77. What is the greatest common divisor of 561 and a?
11
Let z be 24/(-9)*(-27)/12*45/27. Calculate the greatest common divisor of 670 and z.
10
Suppose -167 = -5*w - 777. Let q = w - -130. Calculate the greatest common divisor of q and 16.
8
Let c(i) = 2*i**2 - 4*i + 4. Let v be 21/(-30)*-8 - 2/(-5). Let o be c(v). Calculate the highest common factor of 8 and o.
4
Let r be (365 - (-3)/(-3)) + -13 + 15. What is the greatest common divisor of r and 2074?
122
Let g be -5 + 7434/27 - (-4)/6. Let o = g + -229. Calculate the highest common factor of 30 and o.
6
Suppose -3*b - 2 = -11. Suppose -w + b*o = -0*o - 78, -4*w = -5*o - 312. Suppose 0 = -5*v + 167 - 37. Calculate the highest common divisor of w and v.
26
Suppose -675*g = -228*g - 5473962. What is the highest common divisor of 52 and g?
26
Let n = 2255 - 1825. What is the highest common factor of n and 301?
43
Let o be (-981)/(-15) + (-4)/10. Let b be 63/(-27) - 2184/(-126). What is the greatest common factor of o and b?
5
Suppose 2*z + 0*y = -3*y + 46, -5*z + 5*y + 65 = 0. Suppose -11*f - 66 = -z*f. Calculate the highest common factor of 4 and f.
1
Let y be (360/(-7))/(13/(-91)) + 0. What is the greatest common factor of y and 4500?
180
Suppose 21*n - 20*n + 10*k - 122 = 0, 2*n = -3*k + 125. What is the highest common divisor of n and 348?
4
Suppose 0*c + 414 = 2*c. Let k = 369 - c. Calculate the greatest common factor of k and 36.
18
Let z be 6/(-14) - 1338872/(-1624). Calculate the highest common divisor of 104 and z.
8
Suppose 0 = 4*a - 9 - 7. Suppose -9*b + 620 = -a*b. What is the greatest common factor of 155 and b?
31
Let b be (66/10)/((-60)/25 + 3). Calculate the highest common divisor of 3817 and b.
11
Suppose 12*h - 16*h - 404 = 0. Let n = h + 128. Let a be (-12)/(-2 - 64/(-36)). What is the greatest common factor of n and a?
27
Suppose 0 = -4*d + 41 + 151. Suppose -29*c = -27*c - d. Suppose g = -n + 47, -4*n - 62 + 257 = -3*g. Calculate the greatest common divisor of c and n.
24
Suppose 27*j - 9421 - 13182 = 4100. What is the greatest common divisor of 23 and j?
23
Suppose -g - 3 = 0, -6*w - 2*g = -w - 64. Suppose -9*s + 4*r = -8*s - 64, -5*s = -2*r - 284. Let c = s - w. What is the highest common factor of 63 and c?
21
Suppose 2*i + 132 = 13*i. Suppose i*h + 64 = 184. Let d(x) = -2*x**3 - 6*x**2 - x - 1. Let k be d(-4). What is the greatest common factor of h and k?
5
Let g = -8259 - -5681. Suppose 4*q - 2*h = 52, q + 11*h = 15*h + 6. Let o be 17/(-119) - g/q. What is the highest common divisor of 23 and o?
23
Let m be 48/84 + (-90)/(-14). Let y = -12 - -12. Suppose -t = -3*l - 2*t + 2, -2*l - 2*t = y. What is the greatest common divisor of m and l?
1
Suppose 0 = s + 19*v - 15*v + 132, v + 271 = -2*s. Let d = -126 - s. Calculate the greatest common factor of d and 70.
10
Let z be (777/(-2))/21*-18. Calculate the greatest common factor of z and 703.
37
Let s = 6582 - 6452. Calculate the highest common factor of s and 1625.
65
Let m(o) = -4*o + 28. Let n = -343 - -338. Let i be m(n). What is the highest common divisor of i and 84?
12
Let n = 423 - 1003. Let q = 583 + n. Calculate the highest common divisor of q and 198.
3
Suppose u + 5*o = 730, -5*u - 8*o = -6*o - 3788. Calculate the greatest common factor of u and 640.
40
Let i be ((-46)/(-6) + 2)*144/24. Suppose -2475 = -5*q - 155. What is the highest common divisor of i and q?
58
Let p be 2*(-8 - 1042/(-4)). Suppose -496*x + p*x = 3249. What is the greatest common divisor of 38 and x?
19
Let v = -17 + 17. Let a be (-2)/(2*(v - (-2 - -1))). Let p be 6*a - -3 - -18. What is the highest common divisor of 5 and p?
5
Let k(d) = 1549*d + 559. Let x be k(3). What is the greatest common divisor of x and 822?
274
Suppose 20*o + 20*o = 45*o + 5*i - 3850, 27 = -3*i. Let c be (-114)/9*(-3)/2. Calculate the highest common factor of o and c.
19
Let b = 74 - -40. Suppose -2*o + 129 = 3*k + 2*o, 3*k = o + b. What is the highest common factor of k and 195?
39
Suppose 33*w - 1226 = 4 + 123. Calculate the greatest common divisor of w and 369.
41
Suppose -272*q + 182*q = -123480. Calculate the highest common factor of q and 4.
4
Suppose p - i - 78 = 121, 0 = 5*i - 10. Suppose 0 = 9*m - 214 - 992. Calculate the greatest common factor of p and m.
67
Suppose -3*l + 15 = -2*n, l = -2*n + 2*l - 9. Let j be (-2907)/95*5/n. Calculate the greatest common divisor of j and 1377.
51
Let w = 5124 + -5072. Suppose h + 5*m = 2*h - 229, 4*h = -m + 937. Calculate the greatest common factor of w and h.
26
Let g(n) = 12*n - 57. Let l be g(5). Suppose -51 = l*p - 183. Calculate the greatest common factor of p and 1012.
44
Let i be (-17)/((-816)/(-774))*-8. Calculate the highest common factor of i and 14577.
129
Suppose 89*r + 7704 = 113*r. Calculate the highest common factor of 21 and r.
3
Let n be (1 - -10 - 7) + (-2)/1 - -33. Calculate the greatest common factor of n and 1351.
7
Let z(n) = -n**3 - 15*n**2 + 11*n + 190. Let j be -7 + 2 + -15 + 5. Let l be z(j). Let c = 6 - 1. Calculate the greatest common factor of l and c.
5
Let b be (-3232)/20 + 15/25. Let r = b + 162. What is the highest common divisor of r and 37?
1
Suppose -2*j = 2*i - 1 - 3, -3*i + 6 = -3*j. Suppose 66 = 415*k - 414*k. Suppose k = 22*a - 154. What is the greatest common factor of i and a?
2
Let c be (-2 - (3 + -6))/((-1)/(-54)). Suppose -11*b - 472 = -5224. What is the highest common divisor of c and b?
54
Let k = -11 + 15. Let j be (6/k + -2)*-206. Suppose 8*c - 137 - j = 0. What is the greatest common factor of c and 12?
6
Let u be (-8)/(16/22)*(2 + -279). What is the highest common divisor of u and 11?
11
Let r be (13 + (-135)/(-30))*(-620)/(-14). What is the highest common divisor of r and 279?
31
Let h(s) = -8*s - 105. Let m be h(-16). Calculate the highest common factor of 1633 and m.
23
Let w(a) = 65*a**2 + 22*a - 54. Let m be w(2). What is the highest common divisor of 110 and m?
10
Suppose -3*g = 2*p - 242 - 79, 0 = -3*p - 4*g + 484. Calculate the greatest common factor of 1113 and p.
21
Suppose -172*j + 234 = -163*j. Calculate the highest common divisor of 30 and j.
2
Suppose 4*l + 11*l + 4*l = 34485. What is the greatest common divisor of l and 15?
15
Suppose -4*k = 3*a + 20, -26 = 5*a - 0*a + 3*k. Let t(j) = 3*j**2 - 10*j - 16. Let g be t(a). What is the greatest common divisor of 108 and g?
36
Let d = 8102 - 8088. What is the greatest common factor of 1106 and d?
14
Let o be (90/(-40))/((-3)/4). Let z be 6 + o*(26 + -4). What is the highest common factor of 192 and z?
24
Suppose 220 = 20*q + 2*q. Suppose 239 = 17*u - 356. Calculate the highest common divisor of q and u.
5
Let i = -10 - -16. Suppose 393*g - 1134 = 195*g + 184*g. What is the highest common factor of i and g?
3
Suppose 0 = 74*s - 82*s - 2776. Let d = s + 403. Calculate t